Last updated on 2019-10-31 00:51:06 CET.
Flavor | Version | Tinstall | Tcheck | Ttotal | Status | Flags |
---|---|---|---|---|---|---|
r-devel-linux-x86_64-debian-clang | 0.4.0 | 67.10 | 50.95 | 118.05 | OK | |
r-devel-linux-x86_64-debian-gcc | 0.4.0 | 54.76 | 41.00 | 95.76 | OK | |
r-devel-linux-x86_64-fedora-clang | 0.4.0 | 166.37 | NOTE | |||
r-devel-linux-x86_64-fedora-gcc | 0.4.0 | 162.04 | OK | |||
r-devel-windows-ix86+x86_64 | 0.4.0 | 153.00 | 137.00 | 290.00 | NOTE | |
r-patched-linux-x86_64 | 0.4.0 | 59.03 | 49.51 | 108.54 | OK | |
r-patched-solaris-x86 | 0.4.0 | 166.40 | OK | |||
r-release-linux-x86_64 | 0.4.0 | 54.51 | 49.65 | 104.16 | OK | |
r-release-windows-ix86+x86_64 | 0.4.0 | 149.00 | 110.00 | 259.00 | NOTE | |
r-release-osx-x86_64 | 0.4.0 | NOTE | ||||
r-oldrel-windows-ix86+x86_64 | 0.4.0 | 105.00 | 143.00 | 248.00 | NOTE | |
r-oldrel-osx-x86_64 | 0.4.0 | NOTE |
Version: 0.4.0
Check: installed package size
Result: NOTE
installed size is 9.1Mb
sub-directories of 1Mb or more:
data 2.4Mb
libs 4.9Mb
Flavors: r-devel-linux-x86_64-fedora-clang, r-devel-windows-ix86+x86_64, r-release-windows-ix86+x86_64, r-release-osx-x86_64, r-oldrel-windows-ix86+x86_64, r-oldrel-osx-x86_64