Last updated on 2019-10-31 00:51:07 CET.
Flavor | Version | Tinstall | Tcheck | Ttotal | Status | Flags |
---|---|---|---|---|---|---|
r-devel-linux-x86_64-debian-clang | 3.0 | 2.91 | 23.25 | 26.16 | NOTE | |
r-devel-linux-x86_64-debian-gcc | 3.0 | 2.49 | 18.83 | 21.32 | NOTE | |
r-devel-linux-x86_64-fedora-clang | 3.0 | 32.10 | NOTE | |||
r-devel-linux-x86_64-fedora-gcc | 3.0 | 31.37 | NOTE | |||
r-devel-windows-ix86+x86_64 | 3.0 | 10.00 | 47.00 | 57.00 | NOTE | |
r-patched-linux-x86_64 | 3.0 | 2.70 | 22.78 | 25.48 | NOTE | |
r-patched-solaris-x86 | 3.0 | 45.40 | NOTE | |||
r-release-linux-x86_64 | 3.0 | 2.53 | 22.63 | 25.16 | NOTE | |
r-release-windows-ix86+x86_64 | 3.0 | 5.00 | 45.00 | 50.00 | NOTE | |
r-release-osx-x86_64 | 3.0 | NOTE | ||||
r-oldrel-windows-ix86+x86_64 | 3.0 | 3.00 | 31.00 | 34.00 | NOTE | |
r-oldrel-osx-x86_64 | 3.0 | NOTE |
Version: 3.0
Check: DESCRIPTION meta-information
Result: NOTE
Malformed Title field: should not end in a period.
Flavors: r-devel-linux-x86_64-debian-clang, r-devel-linux-x86_64-debian-gcc, r-devel-linux-x86_64-fedora-clang, r-devel-linux-x86_64-fedora-gcc, r-devel-windows-ix86+x86_64, r-patched-linux-x86_64, r-patched-solaris-x86, r-release-linux-x86_64, r-release-windows-ix86+x86_64, r-release-osx-x86_64, r-oldrel-windows-ix86+x86_64, r-oldrel-osx-x86_64
Version: 3.0
Check: R code for possible problems
Result: NOTE
HapMendlianCheck: no visible global function definition for
'write.table'
rvPDT.test.sub: no visible global function definition for 'pnorm'
whap.prehap: no visible global function definition for 'write.table'
whap.prehap: no visible global function definition for 'read.table'
Undefined global functions or variables:
pnorm read.table write.table
Consider adding
importFrom("stats", "pnorm")
importFrom("utils", "read.table", "write.table")
to your NAMESPACE file.
Flavors: r-devel-linux-x86_64-debian-clang, r-devel-linux-x86_64-debian-gcc, r-devel-linux-x86_64-fedora-clang, r-devel-linux-x86_64-fedora-gcc, r-devel-windows-ix86+x86_64, r-patched-linux-x86_64, r-patched-solaris-x86, r-release-linux-x86_64, r-release-windows-ix86+x86_64, r-release-osx-x86_64, r-oldrel-windows-ix86+x86_64, r-oldrel-osx-x86_64