CRAN Package Check Results for Package sand

Last updated on 2019-10-31 00:51:07 CET.

Flavor Version Tinstall Tcheck Ttotal Status Flags
r-devel-linux-x86_64-debian-clang 1.0.3 2.54 25.03 27.57 NOTE
r-devel-linux-x86_64-debian-gcc 1.0.3 2.09 19.60 21.69 NOTE
r-devel-linux-x86_64-fedora-clang 1.0.3 35.14 NOTE
r-devel-linux-x86_64-fedora-gcc 1.0.3 33.42 NOTE
r-devel-windows-ix86+x86_64 1.0.3 7.00 50.00 57.00 OK
r-patched-linux-x86_64 1.0.3 2.18 23.40 25.58 NOTE
r-patched-solaris-x86 1.0.3 54.40 NOTE
r-release-linux-x86_64 1.0.3 2.16 23.26 25.42 NOTE
r-release-windows-ix86+x86_64 1.0.3 8.00 35.00 43.00 OK
r-release-osx-x86_64 1.0.3 NOTE
r-oldrel-windows-ix86+x86_64 1.0.3 3.00 50.00 53.00 OK
r-oldrel-osx-x86_64 1.0.3 NOTE

Check Details

Version: 1.0.3
Check: package dependencies
Result: NOTE
    Package suggested but not available for checking: 'mixer'
Flavors: r-devel-linux-x86_64-debian-clang, r-devel-linux-x86_64-debian-gcc, r-devel-linux-x86_64-fedora-clang, r-devel-linux-x86_64-fedora-gcc, r-patched-linux-x86_64, r-patched-solaris-x86, r-release-linux-x86_64

Version: 1.0.3
Check: data for non-ASCII characters
Result: NOTE
     Note: found 6 marked UTF-8 strings
Flavors: r-devel-linux-x86_64-fedora-clang, r-devel-linux-x86_64-fedora-gcc, r-patched-solaris-x86, r-release-osx-x86_64, r-oldrel-osx-x86_64

Version: 1.0.3
Check: package dependencies
Result: NOTE
    Packages suggested but not available for checking:
     'GO.db', 'GOstats', 'mixer', 'org.Sc.sgd.db'
Flavor: r-release-osx-x86_64

Version: 1.0.3
Check: package dependencies
Result: NOTE
    Packages suggested but not available for checking:
     ‘mixer’ ‘networkTomography’ ‘org.Sc.sgd.db’
Flavor: r-oldrel-osx-x86_64