CRAN Package Check Results for Package sasMap

Last updated on 2019-10-31 00:51:07 CET.

Flavor Version Tinstall Tcheck Ttotal Status Flags
r-devel-linux-x86_64-debian-clang 1.0.0 3.80 30.49 34.29 OK
r-devel-linux-x86_64-debian-gcc 1.0.0 3.12 23.95 27.07 OK
r-devel-linux-x86_64-fedora-clang 1.0.0 40.80 NOTE
r-devel-linux-x86_64-fedora-gcc 1.0.0 39.86 NOTE
r-devel-windows-ix86+x86_64 1.0.0 20.00 67.00 87.00 OK
r-patched-linux-x86_64 1.0.0 3.01 29.07 32.08 OK
r-patched-solaris-x86 1.0.0 63.50 NOTE
r-release-linux-x86_64 1.0.0 2.96 28.67 31.63 OK
r-release-windows-ix86+x86_64 1.0.0 14.00 46.00 60.00 OK
r-release-osx-x86_64 1.0.0 NOTE
r-oldrel-windows-ix86+x86_64 1.0.0 4.00 65.00 69.00 OK
r-oldrel-osx-x86_64 1.0.0 NOTE

Check Details

Version: 1.0.0
Check: dependencies in R code
Result: NOTE
    Namespace in Imports field not imported from: ‘stringi’
     All declared Imports should be used.
Flavors: r-devel-linux-x86_64-fedora-clang, r-devel-linux-x86_64-fedora-gcc, r-patched-solaris-x86, r-release-osx-x86_64, r-oldrel-osx-x86_64