Last updated on 2019-10-31 00:51:07 CET.
Flavor | Version | Tinstall | Tcheck | Ttotal | Status | Flags |
---|---|---|---|---|---|---|
r-devel-linux-x86_64-debian-clang | 1.9.0 | 11.56 | 129.40 | 140.96 | NOTE | |
r-devel-linux-x86_64-debian-gcc | 1.9.0 | 9.33 | 95.42 | 104.75 | NOTE | |
r-devel-linux-x86_64-fedora-clang | 1.9.0 | 162.67 | NOTE | |||
r-devel-linux-x86_64-fedora-gcc | 1.9.0 | 161.93 | NOTE | |||
r-devel-windows-ix86+x86_64 | 1.9.0 | 48.00 | 185.00 | 233.00 | OK | |
r-patched-linux-x86_64 | 1.9.0 | 9.25 | 120.83 | 130.08 | OK | |
r-patched-solaris-x86 | 1.9.0 | 231.60 | OK | |||
r-release-linux-x86_64 | 1.9.0 | 10.58 | 120.75 | 131.33 | OK | |
r-release-windows-ix86+x86_64 | 1.9.0 | 41.00 | 137.00 | 178.00 | OK | |
r-release-osx-x86_64 | 1.9.0 | OK | ||||
r-oldrel-windows-ix86+x86_64 | 1.9.0 | 24.00 | 172.00 | 196.00 | OK | |
r-oldrel-osx-x86_64 | 1.9.0 | OK |
Version: 1.9.0
Check: for non-standard things in the check directory
Result: NOTE
Found the following files/directories:
'insulin_receptor_IR_beta_pY1146_stats.csv'
'insulin_receptor_exp_dataset.csv' 'pe_datasets' 'pe_plots'
'ps1_datasets' 'ps1_plots' 'ps2_datasets' 'ps2_plots' 'sim_datasets'
'sim_datasets_sum' 'sim_plots'
Flavors: r-devel-linux-x86_64-debian-clang, r-devel-linux-x86_64-debian-gcc, r-devel-linux-x86_64-fedora-clang, r-devel-linux-x86_64-fedora-gcc