CRAN Package Check Results for Package secsse

Last updated on 2019-10-31 00:51:07 CET.

Flavor Version Tinstall Tcheck Ttotal Status Flags
r-devel-linux-x86_64-debian-clang 2.0.0 5.02 38.89 43.91 OK
r-devel-linux-x86_64-debian-gcc 2.0.0 4.49 30.07 34.56 OK
r-devel-linux-x86_64-fedora-clang 2.0.0 54.24 OK
r-devel-linux-x86_64-fedora-gcc 2.0.0 53.46 OK
r-devel-windows-ix86+x86_64 2.0.0 24.00 84.00 108.00 NOTE
r-patched-linux-x86_64 2.0.0 4.26 37.73 41.99 OK
r-patched-solaris-x86 2.0.0 75.40 OK
r-release-linux-x86_64 2.0.0 4.65 37.43 42.08 OK
r-release-windows-ix86+x86_64 2.0.0 17.00 58.00 75.00 NOTE
r-release-osx-x86_64 2.0.0 OK
r-oldrel-windows-ix86+x86_64 2.0.0 17.00 82.00 99.00 NOTE
r-oldrel-osx-x86_64 2.0.0 OK

Check Details

Version: 2.0.0
Check: package dependencies
Result: NOTE
    Package which this enhances but not available for checking: 'doMC'
Flavors: r-devel-windows-ix86+x86_64, r-release-windows-ix86+x86_64, r-oldrel-windows-ix86+x86_64