CRAN Package Check Results for Package sejmRP

Last updated on 2019-10-31 00:51:07 CET.

Flavor Version Tinstall Tcheck Ttotal Status Flags
r-devel-linux-x86_64-debian-clang 1.3.4 5.73 45.09 50.82 OK
r-devel-linux-x86_64-debian-gcc 1.3.4 5.21 35.36 40.57 OK
r-devel-linux-x86_64-fedora-clang 1.3.4 61.43 NOTE
r-devel-linux-x86_64-fedora-gcc 1.3.4 60.59 NOTE
r-devel-windows-ix86+x86_64 1.3.4 30.00 83.00 113.00 OK
r-patched-linux-x86_64 1.3.4 5.02 43.59 48.61 OK
r-patched-solaris-x86 1.3.4 92.90 NOTE
r-release-linux-x86_64 1.3.4 5.53 43.29 48.82 OK
r-release-windows-ix86+x86_64 1.3.4 23.00 51.00 74.00 OK
r-release-osx-x86_64 1.3.4 NOTE
r-oldrel-windows-ix86+x86_64 1.3.4 16.00 82.00 98.00 OK
r-oldrel-osx-x86_64 1.3.4 NOTE

Check Details

Version: 1.3.4
Check: dependencies in R code
Result: NOTE
    Namespaces in Imports field not imported from:
     ‘cluster’ ‘factoextra’ ‘tidyr’
     All declared Imports should be used.
Flavors: r-devel-linux-x86_64-fedora-clang, r-devel-linux-x86_64-fedora-gcc, r-patched-solaris-x86, r-release-osx-x86_64, r-oldrel-osx-x86_64