Last updated on 2019-10-31 00:51:07 CET.
Flavor | Version | Tinstall | Tcheck | Ttotal | Status | Flags |
---|---|---|---|---|---|---|
r-devel-linux-x86_64-debian-clang | 0.1.0 | 1.81 | 16.06 | 17.87 | OK | |
r-devel-linux-x86_64-debian-gcc | 0.1.0 | 1.62 | 13.12 | 14.74 | OK | |
r-devel-linux-x86_64-fedora-clang | 0.1.0 | 24.63 | NOTE | |||
r-devel-linux-x86_64-fedora-gcc | 0.1.0 | 23.22 | NOTE | |||
r-devel-windows-ix86+x86_64 | 0.1.0 | 12.00 | 39.00 | 51.00 | OK | |
r-patched-linux-x86_64 | 0.1.0 | 1.69 | 15.66 | 17.35 | OK | |
r-patched-solaris-x86 | 0.1.0 | 35.30 | NOTE | |||
r-release-linux-x86_64 | 0.1.0 | 1.55 | 15.81 | 17.36 | OK | |
r-release-windows-ix86+x86_64 | 0.1.0 | 8.00 | 27.00 | 35.00 | OK | |
r-release-osx-x86_64 | 0.1.0 | NOTE | ||||
r-oldrel-windows-ix86+x86_64 | 0.1.0 | 6.00 | 40.00 | 46.00 | OK | |
r-oldrel-osx-x86_64 | 0.1.0 | NOTE |
Version: 0.1.0
Check: dependencies in R code
Result: NOTE
Namespaces in Imports field not imported from:
‘dplyr’ ‘lavaan’ ‘psych’ ‘semPlot’ ‘semTools’ ‘shinyAce’
All declared Imports should be used.
Flavors: r-devel-linux-x86_64-fedora-clang, r-devel-linux-x86_64-fedora-gcc, r-patched-solaris-x86, r-release-osx-x86_64, r-oldrel-osx-x86_64