CRAN Package Check Results for Package semver

Last updated on 2019-10-31 00:51:07 CET.

Flavor Version Tinstall Tcheck Ttotal Status Flags
r-devel-linux-x86_64-debian-clang 0.2.0 24.49 27.30 51.79 OK
r-devel-linux-x86_64-debian-gcc 0.2.0 17.48 21.90 39.38 OK
r-devel-linux-x86_64-fedora-clang 0.2.0 74.27 NOTE
r-devel-linux-x86_64-fedora-gcc 0.2.0 66.74 NOTE
r-devel-windows-ix86+x86_64 0.2.0 77.00 81.00 158.00 OK
r-patched-linux-x86_64 0.2.0 18.90 26.56 45.46 OK
r-patched-solaris-x86 0.2.0 79.70 OK
r-release-linux-x86_64 0.2.0 19.27 26.49 45.76 OK
r-release-windows-ix86+x86_64 0.2.0 67.00 54.00 121.00 OK
r-release-osx-x86_64 0.2.0 OK
r-oldrel-windows-ix86+x86_64 0.2.0 53.00 79.00 132.00 OK
r-oldrel-osx-x86_64 0.2.0 OK

Check Details

Version: 0.2.0
Check: compiled code
Result: NOTE
    File ‘semver/libs/semver.so’:
     Found no calls to: ‘R_registerRoutines’, ‘R_useDynamicSymbols’
    
    It is good practice to register native routines and to disable symbol
    search.
    
    See ‘Writing portable packages’ in the ‘Writing R Extensions’ manual.
Flavors: r-devel-linux-x86_64-fedora-clang, r-devel-linux-x86_64-fedora-gcc