Last updated on 2019-10-31 00:51:07 CET.
Flavor | Version | Tinstall | Tcheck | Ttotal | Status | Flags |
---|---|---|---|---|---|---|
r-devel-linux-x86_64-debian-clang | 2013.9-1 | 1.67 | 20.09 | 21.76 | NOTE | |
r-devel-linux-x86_64-debian-gcc | 2013.9-1 | 1.36 | 16.30 | 17.66 | NOTE | |
r-devel-linux-x86_64-fedora-clang | 2013.9-1 | 28.54 | NOTE | |||
r-devel-linux-x86_64-fedora-gcc | 2013.9-1 | 27.98 | NOTE | |||
r-devel-windows-ix86+x86_64 | 2013.9-1 | 7.00 | 47.00 | 54.00 | NOTE | |
r-patched-linux-x86_64 | 2013.9-1 | 1.33 | 19.79 | 21.12 | NOTE | |
r-patched-solaris-x86 | 2013.9-1 | 43.10 | NOTE | |||
r-release-linux-x86_64 | 2013.9-1 | 1.64 | 19.70 | 21.34 | NOTE | |
r-release-windows-ix86+x86_64 | 2013.9-1 | 4.00 | 47.00 | 51.00 | NOTE | |
r-release-osx-x86_64 | 2013.9-1 | NOTE | ||||
r-oldrel-windows-ix86+x86_64 | 2013.9-1 | 2.00 | 31.00 | 33.00 | NOTE | |
r-oldrel-osx-x86_64 | 2013.9-1 | NOTE |
Version: 2013.9-1
Check: R code for possible problems
Result: NOTE
random.number.test: no visible global function definition for 'runif'
random.number.test: no visible global function definition for 'rnorm'
setRNG: no visible global function definition for 'runif'
Undefined global functions or variables:
rnorm runif
Consider adding
importFrom("stats", "rnorm", "runif")
to your NAMESPACE file.
Flavors: r-devel-linux-x86_64-debian-clang, r-devel-linux-x86_64-debian-gcc, r-devel-linux-x86_64-fedora-clang, r-devel-linux-x86_64-fedora-gcc, r-devel-windows-ix86+x86_64, r-patched-linux-x86_64, r-patched-solaris-x86, r-release-linux-x86_64, r-release-windows-ix86+x86_64, r-release-osx-x86_64, r-oldrel-windows-ix86+x86_64, r-oldrel-osx-x86_64