CRAN Package Check Results for Package shinyhelper

Last updated on 2019-10-31 00:51:07 CET.

Flavor Version Tinstall Tcheck Ttotal Status Flags
r-devel-linux-x86_64-debian-clang 0.3.1 1.78 16.93 18.71 OK
r-devel-linux-x86_64-debian-gcc 0.3.1 1.45 13.56 15.01 OK
r-devel-linux-x86_64-fedora-clang 0.3.1 23.89 NOTE
r-devel-linux-x86_64-fedora-gcc 0.3.1 23.30 NOTE
r-devel-windows-ix86+x86_64 0.3.1 8.00 41.00 49.00 OK
r-patched-linux-x86_64 0.3.1 1.50 16.39 17.89 OK
r-patched-solaris-x86 0.3.1 35.00 NOTE
r-release-linux-x86_64 0.3.1 1.41 16.57 17.98 OK
r-release-windows-ix86+x86_64 0.3.1 7.00 29.00 36.00 OK
r-release-osx-x86_64 0.3.1 NOTE
r-oldrel-windows-ix86+x86_64 0.3.1 2.00 47.00 49.00 OK
r-oldrel-osx-x86_64 0.3.1 NOTE

Check Details

Version: 0.3.1
Check: dependencies in R code
Result: NOTE
    Namespace in Imports field not imported from: ‘markdown’
     All declared Imports should be used.
Flavors: r-devel-linux-x86_64-fedora-clang, r-devel-linux-x86_64-fedora-gcc, r-patched-solaris-x86, r-release-osx-x86_64, r-oldrel-osx-x86_64