Last updated on 2019-10-31 00:51:08 CET.
Flavor | Version | Tinstall | Tcheck | Ttotal | Status | Flags |
---|---|---|---|---|---|---|
r-devel-linux-x86_64-debian-clang | 4.3.0 | 115.40 | 101.59 | 216.99 | OK | |
r-devel-linux-x86_64-debian-gcc | 4.3.0 | 101.69 | 76.73 | 178.42 | OK | |
r-devel-linux-x86_64-fedora-clang | 4.3.0 | 290.21 | NOTE | |||
r-devel-linux-x86_64-fedora-gcc | 4.3.0 | 307.46 | OK | |||
r-devel-windows-ix86+x86_64 | 4.3.0 | 298.00 | 209.00 | 507.00 | NOTE | |
r-patched-linux-x86_64 | 4.3.0 | 105.29 | 96.28 | 201.57 | OK | |
r-patched-solaris-x86 | 4.3.0 | 293.30 | OK | |||
r-release-linux-x86_64 | 4.3.0 | 103.62 | 97.20 | 200.82 | OK | |
r-release-windows-ix86+x86_64 | 4.3.0 | 278.00 | 144.00 | 422.00 | NOTE | |
r-release-osx-x86_64 | 4.3.0 | NOTE | ||||
r-oldrel-windows-ix86+x86_64 | 4.3.0 | 211.00 | 183.00 | 394.00 | NOTE | |
r-oldrel-osx-x86_64 | 4.3.0 | NOTE |
Version: 4.3.0
Check: installed package size
Result: NOTE
installed size is 14.1Mb
sub-directories of 1Mb or more:
doc 1.8Mb
libs 11.7Mb
Flavors: r-devel-linux-x86_64-fedora-clang, r-devel-windows-ix86+x86_64, r-release-windows-ix86+x86_64, r-release-osx-x86_64, r-oldrel-windows-ix86+x86_64, r-oldrel-osx-x86_64