Last updated on 2019-10-31 00:51:08 CET.
Flavor | Version | Tinstall | Tcheck | Ttotal | Status | Flags |
---|---|---|---|---|---|---|
r-devel-linux-x86_64-debian-clang | 0.9 | 11.84 | 122.94 | 134.78 | OK | |
r-devel-linux-x86_64-debian-gcc | 0.9 | 11.00 | 92.87 | 103.87 | OK | |
r-devel-linux-x86_64-fedora-clang | 0.9 | 168.43 | OK | |||
r-devel-linux-x86_64-fedora-gcc | 0.9 | 166.98 | OK | |||
r-devel-windows-ix86+x86_64 | 0.9 | 35.00 | 153.00 | 188.00 | OK | |
r-patched-linux-x86_64 | 0.9 | 12.31 | 117.30 | 129.61 | OK | |
r-patched-solaris-x86 | 0.9 | 241.40 | OK | |||
r-release-linux-x86_64 | 0.9 | 11.59 | 118.46 | 130.05 | OK | |
r-release-windows-ix86+x86_64 | 0.9 | 32.00 | 116.00 | 148.00 | OK | |
r-release-osx-x86_64 | 0.9 | FAIL | ||||
r-oldrel-windows-ix86+x86_64 | 0.9 | 14.00 | 166.00 | 180.00 | OK | |
r-oldrel-osx-x86_64 | 0.9 | OK |
Version: 0.9
Check: R code for possible problems
Result: FAIL
Flavor: r-release-osx-x86_64