Last updated on 2019-10-31 00:51:08 CET.
Flavor | Version | Tinstall | Tcheck | Ttotal | Status | Flags |
---|---|---|---|---|---|---|
r-devel-linux-x86_64-debian-clang | 0.3 | 9.66 | 90.34 | 100.00 | OK | |
r-devel-linux-x86_64-debian-gcc | 0.3 | 7.82 | 71.19 | 79.01 | OK | |
r-devel-linux-x86_64-fedora-clang | 0.3 | 120.26 | NOTE | |||
r-devel-linux-x86_64-fedora-gcc | 0.3 | 122.62 | NOTE | |||
r-devel-windows-ix86+x86_64 | 0.3 | 33.00 | 146.00 | 179.00 | OK | |
r-patched-linux-x86_64 | 0.3 | 8.45 | 86.19 | 94.64 | OK | |
r-patched-solaris-x86 | 0.3 | 210.40 | NOTE | |||
r-release-linux-x86_64 | 0.3 | 7.89 | 86.29 | 94.18 | OK | |
r-release-windows-ix86+x86_64 | 0.3 | 27.00 | 97.00 | 124.00 | OK | |
r-release-osx-x86_64 | 0.3 | WARN | ||||
r-oldrel-windows-ix86+x86_64 | 0.3 | 17.00 | 142.00 | 159.00 | OK | |
r-oldrel-osx-x86_64 | 0.3 | NOTE |
Version: 0.3
Check: dependencies in R code
Result: NOTE
Namespaces in Imports field not imported from:
‘compiler’ ‘lmtest’
All declared Imports should be used.
Flavors: r-devel-linux-x86_64-fedora-clang, r-devel-linux-x86_64-fedora-gcc, r-patched-solaris-x86, r-release-osx-x86_64, r-oldrel-osx-x86_64
Version: 0.3
Check: whether package can be installed
Result: WARN
Found the following significant warnings:
Warning: 'rgl_init' failed, running with rgl.useNULL = TRUE
Flavor: r-release-osx-x86_64