Last updated on 2019-10-31 00:51:08 CET.
Flavor | Version | Tinstall | Tcheck | Ttotal | Status | Flags |
---|---|---|---|---|---|---|
r-devel-linux-x86_64-debian-clang | 1.0-1 | 2.35 | 19.03 | 21.38 | NOTE | |
r-devel-linux-x86_64-debian-gcc | 1.0-1 | 1.85 | 15.05 | 16.90 | NOTE | |
r-devel-linux-x86_64-fedora-clang | 1.0-1 | 27.27 | NOTE | |||
r-devel-linux-x86_64-fedora-gcc | 1.0-1 | 26.64 | NOTE | |||
r-devel-windows-ix86+x86_64 | 1.0-1 | 7.00 | 38.00 | 45.00 | NOTE | |
r-patched-linux-x86_64 | 1.0-1 | 1.97 | 18.40 | 20.37 | NOTE | |
r-patched-solaris-x86 | 1.0-1 | 41.00 | NOTE | |||
r-release-linux-x86_64 | 1.0-1 | 1.85 | 18.72 | 20.57 | NOTE | |
r-release-windows-ix86+x86_64 | 1.0-1 | 7.00 | 31.00 | 38.00 | NOTE | |
r-release-osx-x86_64 | 1.0-1 | NOTE | ||||
r-oldrel-windows-ix86+x86_64 | 1.0-1 | 2.00 | 40.00 | 42.00 | NOTE | |
r-oldrel-osx-x86_64 | 1.0-1 | NOTE |
Version: 1.0-1
Check: DESCRIPTION meta-information
Result: NOTE
Malformed Description field: should contain one or more complete sentences.
Flavors: r-devel-linux-x86_64-debian-clang, r-devel-linux-x86_64-debian-gcc, r-devel-linux-x86_64-fedora-clang, r-devel-linux-x86_64-fedora-gcc, r-devel-windows-ix86+x86_64, r-patched-linux-x86_64, r-patched-solaris-x86, r-release-linux-x86_64, r-release-windows-ix86+x86_64, r-release-osx-x86_64, r-oldrel-windows-ix86+x86_64, r-oldrel-osx-x86_64
Version: 1.0-1
Check: R code for possible problems
Result: NOTE
Fourier2d: no visible global function definition for 'fft'
kernel2dsmooth: no visible global function definition for 'fft'
Undefined global functions or variables:
fft
Consider adding
importFrom("stats", "fft")
to your NAMESPACE file.
Flavors: r-devel-linux-x86_64-debian-clang, r-devel-linux-x86_64-debian-gcc, r-devel-linux-x86_64-fedora-clang, r-devel-linux-x86_64-fedora-gcc, r-devel-windows-ix86+x86_64, r-patched-linux-x86_64, r-patched-solaris-x86, r-release-linux-x86_64, r-release-windows-ix86+x86_64, r-release-osx-x86_64, r-oldrel-windows-ix86+x86_64, r-oldrel-osx-x86_64