Last updated on 2019-10-31 00:51:08 CET.
Flavor | Version | Tinstall | Tcheck | Ttotal | Status | Flags |
---|---|---|---|---|---|---|
r-devel-linux-x86_64-debian-clang | 2.4 | 23.31 | 116.48 | 139.79 | OK | |
r-devel-linux-x86_64-debian-gcc | 2.4 | 19.72 | 86.29 | 106.01 | OK | |
r-devel-linux-x86_64-fedora-clang | 2.4 | 167.47 | NOTE | |||
r-devel-linux-x86_64-fedora-gcc | 2.4 | 164.89 | NOTE | |||
r-devel-windows-ix86+x86_64 | 2.4 | 60.00 | 201.00 | 261.00 | OK | |
r-patched-linux-x86_64 | 2.4 | 22.74 | 110.97 | 133.71 | OK | |
r-patched-solaris-x86 | 2.4 | 212.10 | OK | |||
r-release-linux-x86_64 | 2.4 | 23.28 | 111.56 | 134.84 | OK | |
r-release-windows-ix86+x86_64 | 2.4 | 58.00 | 160.00 | 218.00 | OK | |
r-release-osx-x86_64 | 2.4 | FAIL | ||||
r-oldrel-windows-ix86+x86_64 | 2.4 | 42.00 | 211.00 | 253.00 | OK | |
r-oldrel-osx-x86_64 | 2.4 | OK |
Version: 2.4
Check: compiled code
Result: NOTE
File ‘sna/libs/sna.so’:
Found no calls to: ‘R_registerRoutines’, ‘R_useDynamicSymbols’
It is good practice to register native routines and to disable symbol
search.
See ‘Writing portable packages’ in the ‘Writing R Extensions’ manual.
Flavors: r-devel-linux-x86_64-fedora-clang, r-devel-linux-x86_64-fedora-gcc
Version: 2.4
Check: dependencies in R code
Result: FAIL
Flavor: r-release-osx-x86_64