Last updated on 2019-10-31 00:51:08 CET.
Flavor | Version | Tinstall | Tcheck | Ttotal | Status | Flags |
---|---|---|---|---|---|---|
r-devel-linux-x86_64-debian-clang | 0.7.3 | 5.46 | 69.67 | 75.13 | OK | |
r-devel-linux-x86_64-debian-gcc | 0.7.3 | 5.42 | 52.63 | 58.05 | OK | |
r-devel-linux-x86_64-fedora-clang | 0.7.3 | 89.25 | NOTE | |||
r-devel-linux-x86_64-fedora-gcc | 0.7.3 | 87.72 | NOTE | |||
r-devel-windows-ix86+x86_64 | 0.7.3 | 28.00 | 120.00 | 148.00 | OK | |
r-patched-linux-x86_64 | 0.7.3 | 5.54 | 65.34 | 70.88 | OK | |
r-patched-solaris-x86 | 0.7.3 | 129.50 | NOTE | |||
r-release-linux-x86_64 | 0.7.3 | 5.88 | 65.86 | 71.74 | OK | |
r-release-windows-ix86+x86_64 | 0.7.3 | 20.00 | 80.00 | 100.00 | OK | |
r-release-osx-x86_64 | 0.7.3 | NOTE | ||||
r-oldrel-windows-ix86+x86_64 | 0.7.3 | 9.00 | 117.00 | 126.00 | OK | |
r-oldrel-osx-x86_64 | 0.7.3 | NOTE |
Version: 0.7.3
Check: data for non-ASCII characters
Result: NOTE
Note: found 833 marked UTF-8 strings
Flavors: r-devel-linux-x86_64-fedora-clang, r-devel-linux-x86_64-fedora-gcc, r-patched-solaris-x86, r-release-osx-x86_64, r-oldrel-osx-x86_64