CRAN Package Check Results for Package space

Last updated on 2019-10-31 00:51:08 CET.

Flavor Version Tinstall Tcheck Ttotal Status Flags
r-devel-linux-x86_64-debian-clang 0.1-1.1 3.53 43.60 47.13 NOTE
r-devel-linux-x86_64-debian-gcc 0.1-1.1 2.54 33.08 35.62 NOTE
r-devel-linux-x86_64-fedora-clang 0.1-1.1 57.02 NOTE
r-devel-linux-x86_64-fedora-gcc 0.1-1.1 58.41 NOTE
r-devel-windows-ix86+x86_64 0.1-1.1 9.00 104.00 113.00 OK
r-patched-linux-x86_64 0.1-1.1 2.25 43.51 45.76 NOTE
r-patched-solaris-x86 0.1-1.1 150.20 OK
r-release-linux-x86_64 0.1-1.1 2.90 42.69 45.59 NOTE
r-release-windows-ix86+x86_64 0.1-1.1 11.00 102.00 113.00 OK
r-release-osx-x86_64 0.1-1.1 OK
r-oldrel-windows-ix86+x86_64 0.1-1.1 7.00 82.00 89.00 OK
r-oldrel-osx-x86_64 0.1-1.1 OK

Check Details

Version: 0.1-1.1
Check: Rd line widths
Result: NOTE
    Rd file 'space.joint.Rd':
     \examples lines wider than 100 characters:
     #################### view the network corresponding to the parcial correlation matrix in the simulation example
     #plot(temp, vertex.size=3, vertex.frame.color="white",layout=layout.fruchterman.reingold, vertex.label=NA, edge.color=grey(0.5))
    
    Rd file 'space.neighbor.Rd':
     \examples lines wider than 100 characters:
     #################### view the network corresponding to the parcial correlation matrix in the simulation example
     #################### view the network corresponding to the parcial correlation matrix in the simulation example
     #plot(temp, vertex.size=3, vertex.frame.color="white",layout=layout.fruchterman.reingold, vertex.label=NA, edge.color=grey(0.5))
    
    These lines will be truncated in the PDF manual.
Flavors: r-devel-linux-x86_64-debian-clang, r-devel-linux-x86_64-debian-gcc, r-devel-linux-x86_64-fedora-clang, r-devel-linux-x86_64-fedora-gcc, r-patched-linux-x86_64, r-release-linux-x86_64

Version: 0.1-1.1
Check: compiled code
Result: NOTE
    File ‘space/libs/space.so’:
     Found no calls to: ‘R_registerRoutines’, ‘R_useDynamicSymbols’
    
    It is good practice to register native routines and to disable symbol
    search.
    
    See ‘Writing portable packages’ in the ‘Writing R Extensions’ manual.
Flavors: r-devel-linux-x86_64-fedora-clang, r-devel-linux-x86_64-fedora-gcc