Last updated on 2019-10-31 00:51:08 CET.
Flavor | Version | Tinstall | Tcheck | Ttotal | Status | Flags |
---|---|---|---|---|---|---|
r-devel-linux-x86_64-debian-clang | 0.2 | 179.62 | 29.19 | 208.81 | OK | |
r-devel-linux-x86_64-debian-gcc | 0.2 | 215.52 | 23.74 | 239.26 | OK | |
r-devel-linux-x86_64-fedora-clang | 0.2 | 289.60 | NOTE | |||
r-devel-linux-x86_64-fedora-gcc | 0.2 | 493.26 | OK | |||
r-devel-windows-ix86+x86_64 | 0.2 | 442.00 | 95.00 | 537.00 | NOTE | |
r-patched-linux-x86_64 | 0.2 | 213.45 | 28.63 | 242.08 | OK | |
r-patched-solaris-x86 | 0.2 | 266.80 | OK | |||
r-release-linux-x86_64 | 0.2 | 210.47 | 28.92 | 239.39 | OK | |
r-release-windows-ix86+x86_64 | 0.2 | 439.00 | 64.00 | 503.00 | NOTE | |
r-release-osx-x86_64 | 0.2 | NOTE | ||||
r-oldrel-windows-ix86+x86_64 | 0.2 | 314.00 | 101.00 | 415.00 | NOTE | |
r-oldrel-osx-x86_64 | 0.2 | NOTE |
Version: 0.2
Check: installed package size
Result: NOTE
installed size is 18.7Mb
sub-directories of 1Mb or more:
doc 1.2Mb
libs 17.1Mb
Flavors: r-devel-linux-x86_64-fedora-clang, r-devel-windows-ix86+x86_64, r-release-windows-ix86+x86_64, r-release-osx-x86_64, r-oldrel-windows-ix86+x86_64, r-oldrel-osx-x86_64