CRAN Package Check Results for Package splithalfr

Last updated on 2019-10-31 00:51:08 CET.

Flavor Version Tinstall Tcheck Ttotal Status Flags
r-devel-linux-x86_64-debian-clang 1.0.10 4.59 61.90 66.49 OK
r-devel-linux-x86_64-debian-gcc 1.0.10 3.72 47.96 51.68 OK
r-devel-linux-x86_64-fedora-clang 1.0.10 78.44 OK
r-devel-linux-x86_64-fedora-gcc 1.0.10 78.18 OK
r-devel-windows-ix86+x86_64 1.0.10 15.00 103.00 118.00 OK
r-patched-linux-x86_64 1.0.10 3.24 60.25 63.49 OK
r-patched-solaris-x86 1.0.10 108.60 OK
r-release-linux-x86_64 1.0.10 3.33 60.26 63.59 OK
r-release-windows-ix86+x86_64 1.0.10 16.00 71.00 87.00 OK
r-release-osx-x86_64 1.0.10 OK
r-oldrel-osx-x86_64 1.0.10 ERROR

Check Details

Version: 1.0.10
Check: whether package can be installed
Result: ERROR
    Installation failed.
Flavor: r-oldrel-osx-x86_64