CRAN Package Check Results for Package stablelearner

Last updated on 2019-10-31 00:51:08 CET.

Flavor Version Tinstall Tcheck Ttotal Status Flags
r-devel-linux-x86_64-debian-clang 0.1-1 7.79 59.67 67.46 OK
r-devel-linux-x86_64-debian-gcc 0.1-1 6.90 47.82 54.72 OK
r-devel-linux-x86_64-fedora-clang 0.1-1 84.44 NOTE
r-devel-linux-x86_64-fedora-gcc 0.1-1 82.70 NOTE
r-devel-windows-ix86+x86_64 0.1-1 25.00 98.00 123.00 OK
r-patched-linux-x86_64 0.1-1 7.50 57.86 65.36 OK
r-patched-solaris-x86 0.1-1 126.50 NOTE
r-release-linux-x86_64 0.1-1 7.47 59.11 66.58 OK
r-release-windows-ix86+x86_64 0.1-1 21.00 65.00 86.00 OK
r-release-osx-x86_64 0.1-1 NOTE
r-oldrel-windows-ix86+x86_64 0.1-1 10.00 93.00 103.00 OK
r-oldrel-osx-x86_64 0.1-1 NOTE

Check Details

Version: 0.1-1
Check: data for non-ASCII characters
Result: NOTE
     Note: found 123 marked UTF-8 strings
Flavors: r-devel-linux-x86_64-fedora-clang, r-devel-linux-x86_64-fedora-gcc, r-patched-solaris-x86, r-release-osx-x86_64, r-oldrel-osx-x86_64