CRAN Package Check Results for Package stream

Last updated on 2019-10-31 00:51:09 CET.

Flavor Version Tinstall Tcheck Ttotal Status Flags
r-devel-linux-x86_64-debian-clang 1.3-1 136.99 185.85 322.84 WARN
r-devel-linux-x86_64-debian-gcc 1.3-1 102.02 135.79 237.81 OK
r-devel-linux-x86_64-fedora-clang 1.3-1 448.35 WARN
r-devel-linux-x86_64-fedora-gcc 1.3-1 407.21 OK
r-devel-windows-ix86+x86_64 1.3-1 345.00 361.00 706.00 NOTE
r-patched-linux-x86_64 1.3-1 107.31 168.69 276.00 OK
r-patched-solaris-x86 1.3-1 423.30 OK
r-release-linux-x86_64 1.3-1 107.41 176.40 283.81 OK
r-release-windows-ix86+x86_64 1.3-1 336.00 361.00 697.00 NOTE
r-release-osx-x86_64 1.3-1 WARN
r-oldrel-windows-ix86+x86_64 1.3-1 246.00 364.00 610.00 NOTE
r-oldrel-osx-x86_64 1.3-1 WARN

Check Details

Version: 1.3-1
Check: whether package can be installed
Result: WARN
    Found the following significant warnings:
     BIRCH/CFTree.cpp:18:6: warning: 'this' pointer cannot be null in well-defined C++ code; comparison may be assumed to always evaluate to true [-Wtautological-undefined-compare]
Flavors: r-devel-linux-x86_64-debian-clang, r-devel-linux-x86_64-fedora-clang, r-release-osx-x86_64, r-oldrel-osx-x86_64

Version: 1.3-1
Check: installed package size
Result: NOTE
     installed size is 13.0Mb
     sub-directories of 1Mb or more:
     doc 1.6Mb
     libs 10.6Mb
Flavors: r-devel-linux-x86_64-fedora-clang, r-devel-windows-ix86+x86_64, r-release-windows-ix86+x86_64, r-release-osx-x86_64, r-oldrel-windows-ix86+x86_64, r-oldrel-osx-x86_64