Last updated on 2019-10-31 00:51:09 CET.
Flavor | Version | Tinstall | Tcheck | Ttotal | Status | Flags |
---|---|---|---|---|---|---|
r-devel-linux-x86_64-debian-clang | 1.4.3 | 110.48 | 48.15 | 158.63 | WARN | |
r-devel-linux-x86_64-debian-gcc | 1.4.3 | 64.95 | 37.81 | 102.76 | WARN | |
r-devel-linux-x86_64-fedora-clang | 1.4.3 | 268.56 | WARN | |||
r-devel-linux-x86_64-fedora-gcc | 1.4.3 | 188.44 | WARN | |||
r-devel-windows-ix86+x86_64 | 1.4.3 | 1674.00 | 157.00 | 1831.00 | WARN | |
r-patched-linux-x86_64 | 1.4.3 | 74.83 | 47.26 | 122.09 | OK | |
r-patched-solaris-x86 | 1.4.3 | 825.10 | NOTE | |||
r-release-linux-x86_64 | 1.4.3 | 75.38 | 47.53 | 122.91 | OK | |
r-release-windows-ix86+x86_64 | 1.4.3 | 1183.00 | 152.00 | 1335.00 | NOTE | |
r-release-osx-x86_64 | 1.4.3 | NOTE | ||||
r-oldrel-windows-ix86+x86_64 | 1.4.3 | 1184.00 | 136.00 | 1320.00 | NOTE | |
r-oldrel-osx-x86_64 | 1.4.3 | NOTE |
Version: 1.4.3
Check: whether package can be installed
Result: WARN
Found the following significant warnings:
'config' variable 'CXXCPP' is deprecated
Flavors: r-devel-linux-x86_64-debian-clang, r-devel-linux-x86_64-debian-gcc, r-devel-linux-x86_64-fedora-clang, r-devel-linux-x86_64-fedora-gcc
Version: 1.4.3
Check: installed package size
Result: NOTE
installed size is 5.5Mb
sub-directories of 1Mb or more:
libs 4.8Mb
Flavors: r-devel-linux-x86_64-fedora-clang, r-devel-windows-ix86+x86_64, r-patched-solaris-x86, r-release-windows-ix86+x86_64, r-release-osx-x86_64, r-oldrel-windows-ix86+x86_64, r-oldrel-osx-x86_64
Version: 1.4.3
Check: whether package can be installed
Result: WARN
Found the following significant warnings:
icu61/i18n/decNumber.cpp:1524:13: warning: array subscript is above array bounds [-Warray-bounds]
icu61/i18n/decNumber.cpp:2963:30: warning: array subscript is above array bounds [-Warray-bounds]
icu61/i18n/decNumber.cpp:2963:43: warning: array subscript is above array bounds [-Warray-bounds]
icu61/i18n/decNumber.cpp:2980:30: warning: array subscript is above array bounds [-Warray-bounds]
icu61/i18n/decNumber.cpp:2980:43: warning: array subscript is above array bounds [-Warray-bounds]
Flavor: r-devel-windows-ix86+x86_64