Last updated on 2019-10-31 00:51:09 CET.
Flavor | Version | Tinstall | Tcheck | Ttotal | Status | Flags |
---|---|---|---|---|---|---|
r-devel-linux-x86_64-debian-clang | 1.5-2 | 8.53 | 93.21 | 101.74 | NOTE | |
r-devel-linux-x86_64-debian-gcc | 1.5-2 | 7.03 | 67.76 | 74.79 | NOTE | |
r-devel-linux-x86_64-fedora-clang | 1.5-2 | 128.53 | NOTE | |||
r-devel-linux-x86_64-fedora-gcc | 1.5-2 | 112.75 | NOTE | |||
r-devel-windows-ix86+x86_64 | 1.5-2 | 22.00 | 180.00 | 202.00 | NOTE | |
r-patched-linux-x86_64 | 1.5-2 | 8.34 | 86.98 | 95.32 | NOTE | |
r-patched-solaris-x86 | 1.5-2 | 142.40 | NOTE | |||
r-release-linux-x86_64 | 1.5-2 | 8.86 | 89.20 | 98.06 | NOTE | |
r-release-windows-ix86+x86_64 | 1.5-2 | 23.00 | 127.00 | 150.00 | NOTE | |
r-release-osx-x86_64 | 1.5-2 | NOTE | ||||
r-oldrel-windows-ix86+x86_64 | 1.5-2 | 13.00 | 183.00 | 196.00 | NOTE | |
r-oldrel-osx-x86_64 | 1.5-2 | NOTE |
Version: 1.5-2
Check: R code for possible problems
Result: NOTE
efpFunctional: multiple local function definitions for 'plotProcess'
with different formal arguments
mefp.efp: multiple local function definitions for 'computeEmpProc' with
different formal arguments
Flavors: r-devel-linux-x86_64-debian-clang, r-devel-linux-x86_64-debian-gcc, r-devel-linux-x86_64-fedora-clang, r-devel-linux-x86_64-fedora-gcc, r-devel-windows-ix86+x86_64, r-patched-linux-x86_64, r-patched-solaris-x86, r-release-linux-x86_64, r-release-windows-ix86+x86_64, r-release-osx-x86_64, r-oldrel-windows-ix86+x86_64, r-oldrel-osx-x86_64