Last updated on 2019-10-31 00:51:09 CET.
Flavor | Version | Tinstall | Tcheck | Ttotal | Status | Flags |
---|---|---|---|---|---|---|
r-devel-linux-x86_64-debian-clang | 1.0 | 2.58 | 32.43 | 35.01 | NOTE | |
r-devel-linux-x86_64-debian-gcc | 1.0 | 1.79 | 24.54 | 26.33 | NOTE | |
r-devel-linux-x86_64-fedora-clang | 1.0 | 42.75 | NOTE | |||
r-devel-linux-x86_64-fedora-gcc | 1.0 | 40.60 | NOTE | |||
r-devel-windows-ix86+x86_64 | 1.0 | 6.00 | 54.00 | 60.00 | NOTE | |
r-patched-linux-x86_64 | 1.0 | 2.35 | 31.15 | 33.50 | NOTE | |
r-patched-solaris-x86 | 1.0 | 58.20 | NOTE | |||
r-release-linux-x86_64 | 1.0 | 1.99 | 30.20 | 32.19 | NOTE | |
r-release-windows-ix86+x86_64 | 1.0 | 9.00 | 49.00 | 58.00 | NOTE | |
r-release-osx-x86_64 | 1.0 | NOTE | ||||
r-oldrel-windows-ix86+x86_64 | 1.0 | 3.00 | 40.00 | 43.00 | NOTE | |
r-oldrel-osx-x86_64 | 1.0 | NOTE |
Version: 1.0
Check: R code for possible problems
Result: NOTE
supcluster : itgamma: no visible global function definition for
'rgamma'
supcluster : itgamma: no visible global function definition for
'dgamma'
supcluster : itgamma: no visible global function definition for 'runif'
supcluster : itbeta: no visible global function definition for 'rnorm'
supcluster : itbeta: no visible global function definition for 'runif'
supcluster : itj: no visible global function definition for 'dmultinom'
supcluster: no visible global function definition for 'kmeans'
tab1: no visible global function definition for 'image'
tab1: no visible global function definition for 'gray'
tab1: no visible global function definition for 'var'
Undefined global functions or variables:
dgamma dmultinom gray image kmeans rgamma rnorm runif var
Consider adding
importFrom("grDevices", "gray")
importFrom("graphics", "image")
importFrom("stats", "dgamma", "dmultinom", "kmeans", "rgamma", "rnorm",
"runif", "var")
to your NAMESPACE file.
Flavors: r-devel-linux-x86_64-debian-clang, r-devel-linux-x86_64-debian-gcc, r-devel-linux-x86_64-fedora-clang, r-devel-linux-x86_64-fedora-gcc, r-devel-windows-ix86+x86_64, r-patched-linux-x86_64, r-patched-solaris-x86, r-release-linux-x86_64, r-release-windows-ix86+x86_64, r-release-osx-x86_64, r-oldrel-windows-ix86+x86_64, r-oldrel-osx-x86_64