Last updated on 2019-10-31 00:51:09 CET.
Flavor | Version | Tinstall | Tcheck | Ttotal | Status | Flags |
---|---|---|---|---|---|---|
r-devel-linux-x86_64-debian-clang | 0.1.6 | 9.38 | 60.67 | 70.05 | OK | |
r-devel-linux-x86_64-debian-gcc | 0.1.6 | 8.13 | 46.77 | 54.90 | OK | |
r-devel-linux-x86_64-fedora-clang | 0.1.6 | 82.07 | NOTE | |||
r-devel-linux-x86_64-fedora-gcc | 0.1.6 | 81.59 | NOTE | |||
r-devel-windows-ix86+x86_64 | 0.1.6 | 30.00 | 122.00 | 152.00 | OK | |
r-patched-linux-x86_64 | 0.1.6 | 7.57 | 57.18 | 64.75 | OK | |
r-patched-solaris-x86 | 0.1.6 | 119.90 | NOTE | |||
r-release-linux-x86_64 | 0.1.6 | 8.93 | 57.24 | 66.17 | OK | |
r-release-windows-ix86+x86_64 | 0.1.6 | 28.00 | 80.00 | 108.00 | OK | |
r-release-osx-x86_64 | 0.1.6 | NOTE | ||||
r-oldrel-windows-ix86+x86_64 | 0.1.6 | 20.00 | 115.00 | 135.00 | OK | |
r-oldrel-osx-x86_64 | 0.1.6 | NOTE |
Version: 0.1.6
Check: dependencies in R code
Result: NOTE
Namespace in Imports field not imported from: ‘grDevices’
All declared Imports should be used.
Flavors: r-devel-linux-x86_64-fedora-clang, r-devel-linux-x86_64-fedora-gcc, r-patched-solaris-x86, r-release-osx-x86_64, r-oldrel-osx-x86_64
Version: 0.1.6
Check: data for non-ASCII characters
Result: NOTE
Note: found 97 marked UTF-8 strings
Flavors: r-devel-linux-x86_64-fedora-clang, r-devel-linux-x86_64-fedora-gcc, r-patched-solaris-x86, r-release-osx-x86_64, r-oldrel-osx-x86_64