CRAN Package Check Results for Package tcltk2

Last updated on 2019-10-31 00:51:09 CET.

Flavor Version Tinstall Tcheck Ttotal Status Flags
r-devel-linux-x86_64-debian-clang 1.2-11 6.38 32.86 39.24 NOTE
r-devel-linux-x86_64-debian-gcc 1.2-11 4.08 26.48 30.56 NOTE
r-devel-linux-x86_64-fedora-clang 1.2-11 53.98 NOTE
r-devel-linux-x86_64-fedora-gcc 1.2-11 47.73 NOTE
r-devel-windows-ix86+x86_64 1.2-11 28.00 64.00 92.00 NOTE
r-patched-linux-x86_64 1.2-11 5.76 33.40 39.16 NOTE
r-patched-solaris-x86 1.2-11 66.20 NOTE
r-release-linux-x86_64 1.2-11 6.13 33.69 39.82 NOTE
r-release-windows-ix86+x86_64 1.2-11 16.00 71.00 87.00 NOTE
r-release-osx-x86_64 1.2-11 NOTE
r-oldrel-windows-ix86+x86_64 1.2-11 15.00 44.00 59.00 NOTE
r-oldrel-osx-x86_64 1.2-11 NOTE

Check Details

Version: 1.2-11
Check: DESCRIPTION meta-information
Result: NOTE
    Malformed Description field: should contain one or more complete sentences.
Flavors: r-devel-linux-x86_64-debian-clang, r-devel-linux-x86_64-debian-gcc, r-devel-linux-x86_64-fedora-clang, r-devel-linux-x86_64-fedora-gcc, r-devel-windows-ix86+x86_64, r-patched-linux-x86_64, r-patched-solaris-x86, r-release-linux-x86_64, r-release-windows-ix86+x86_64, r-release-osx-x86_64, r-oldrel-windows-ix86+x86_64, r-oldrel-osx-x86_64

Version: 1.2-11
Check: installed package size
Result: NOTE
     installed size is 5.2Mb
     sub-directories of 1Mb or more:
     tklibs 4.9Mb
Flavors: r-devel-linux-x86_64-fedora-clang, r-release-osx-x86_64, r-oldrel-osx-x86_64