Last updated on 2019-10-31 00:51:09 CET.
Flavor | Version | Tinstall | Tcheck | Ttotal | Status | Flags |
---|---|---|---|---|---|---|
r-devel-linux-x86_64-debian-clang | 1.0-6 | 2.53 | 20.12 | 22.65 | OK | |
r-devel-linux-x86_64-debian-gcc | 1.0-6 | 2.08 | 16.18 | 18.26 | OK | |
r-devel-linux-x86_64-fedora-clang | 1.0-6 | 30.34 | NOTE | |||
r-devel-linux-x86_64-fedora-gcc | 1.0-6 | 26.05 | NOTE | |||
r-devel-windows-ix86+x86_64 | 1.0-6 | 9.00 | 52.00 | 61.00 | OK | |
r-patched-linux-x86_64 | 1.0-6 | 1.93 | 19.83 | 21.76 | OK | |
r-patched-solaris-x86 | 1.0-6 | 43.10 | NOTE | |||
r-release-linux-x86_64 | 1.0-6 | 2.04 | 19.54 | 21.58 | OK | |
r-release-windows-ix86+x86_64 | 1.0-6 | 8.00 | 30.00 | 38.00 | OK | |
r-release-osx-x86_64 | 1.0-6 | NOTE | ||||
r-oldrel-windows-ix86+x86_64 | 1.0-6 | 4.00 | 46.00 | 50.00 | OK | |
r-oldrel-osx-x86_64 | 1.0-6 | NOTE |
Version: 1.0-6
Check: data for non-ASCII characters
Result: NOTE
Note: found 10051 marked UTF-8 strings
Note: found 10523 strings marked as "bytes"
Flavors: r-devel-linux-x86_64-fedora-clang, r-devel-linux-x86_64-fedora-gcc, r-patched-solaris-x86, r-release-osx-x86_64, r-oldrel-osx-x86_64