Last updated on 2019-10-31 00:51:10 CET.
Flavor | Version | Tinstall | Tcheck | Ttotal | Status | Flags |
---|---|---|---|---|---|---|
r-devel-linux-x86_64-debian-clang | 2.4-14 | 31.57 | 273.71 | 305.28 | OK | --no-vignettes |
r-devel-linux-x86_64-debian-gcc | 2.4-14 | 19.33 | 209.13 | 228.46 | OK | --no-vignettes |
r-devel-linux-x86_64-fedora-clang | 2.4-14 | 401.30 | NOTE | --no-vignettes | ||
r-devel-linux-x86_64-fedora-gcc | 2.4-14 | 365.15 | NOTE | --no-vignettes | ||
r-devel-windows-ix86+x86_64 | 2.4-14 | 89.00 | 83.00 | 172.00 | OK | --no-examples --no-tests --no-vignettes |
r-patched-linux-x86_64 | 2.4-14 | 21.99 | 272.34 | 294.33 | OK | --no-vignettes |
r-patched-solaris-x86 | 2.4-14 | 444.40 | OK | --no-vignettes | ||
r-release-linux-x86_64 | 2.4-14 | 22.00 | 274.63 | 296.63 | OK | --no-vignettes |
r-release-windows-ix86+x86_64 | 2.4-14 | 85.00 | 67.00 | 152.00 | OK | --no-examples --no-tests --no-vignettes |
r-release-osx-x86_64 | 2.4-14 | OK | --no-vignettes | |||
r-oldrel-windows-ix86+x86_64 | 2.4-14 | 66.00 | 60.00 | 126.00 | OK | --no-examples --no-tests --no-vignettes |
r-oldrel-osx-x86_64 | 2.4-14 | OK | --no-vignettes |
Version: 2.4-14
Flags: --no-vignettes
Check: compiled code
Result: NOTE
File ‘tgp/libs/tgp.so’:
Found no calls to: ‘R_registerRoutines’, ‘R_useDynamicSymbols’
It is good practice to register native routines and to disable symbol
search.
See ‘Writing portable packages’ in the ‘Writing R Extensions’ manual.
Flavors: r-devel-linux-x86_64-fedora-clang, r-devel-linux-x86_64-fedora-gcc