Last updated on 2019-10-31 00:51:10 CET.
Flavor | Version | Tinstall | Tcheck | Ttotal | Status | Flags |
---|---|---|---|---|---|---|
r-devel-linux-x86_64-debian-clang | 0.1.0 | 22.12 | 305.22 | 327.34 | NOTE | |
r-devel-linux-x86_64-debian-gcc | 0.1.0 | 20.13 | 231.15 | 251.28 | NOTE | |
r-devel-linux-x86_64-fedora-clang | 0.1.0 | 398.92 | NOTE | |||
r-devel-linux-x86_64-fedora-gcc | 0.1.0 | 401.53 | NOTE | |||
r-devel-windows-ix86+x86_64 | 0.1.0 | 75.00 | 384.00 | 459.00 | OK | |
r-patched-linux-x86_64 | 0.1.0 | 21.02 | 282.38 | 303.40 | NOTE | |
r-patched-solaris-x86 | 0.1.0 | 537.50 | NOTE | |||
r-release-linux-x86_64 | 0.1.0 | 19.89 | 283.23 | 303.12 | NOTE | |
r-release-windows-ix86+x86_64 | 0.1.0 | 60.00 | 266.00 | 326.00 | OK | |
r-release-osx-x86_64 | 0.1.0 | NOTE | ||||
r-oldrel-windows-ix86+x86_64 | 0.1.0 | 41.00 | 404.00 | 445.00 | OK | |
r-oldrel-osx-x86_64 | 0.1.0 | ERROR |
Version: 0.1.0
Check: Rd cross-references
Result: NOTE
Package unavailable to check Rd xrefs: 'dada2'
Flavors: r-devel-linux-x86_64-debian-clang, r-devel-linux-x86_64-debian-gcc, r-devel-linux-x86_64-fedora-clang, r-devel-linux-x86_64-fedora-gcc, r-patched-linux-x86_64, r-patched-solaris-x86, r-release-linux-x86_64, r-release-osx-x86_64
Version: 0.1.0
Check: dependencies in R code
Result: NOTE
Namespaces in Imports field not imported from:
‘gridExtra’ ‘splancs’ ‘tidyverse’
All declared Imports should be used.
Flavors: r-devel-linux-x86_64-fedora-clang, r-devel-linux-x86_64-fedora-gcc, r-patched-solaris-x86, r-release-osx-x86_64
Version: 0.1.0
Check: package dependencies
Result: ERROR
Package required but not available: ‘ShortRead’
See section ‘The DESCRIPTION file’ in the ‘Writing R Extensions’
manual.
Flavor: r-oldrel-osx-x86_64