CRAN Package Check Results for Package tidyUSDA

Last updated on 2019-10-31 00:51:10 CET.

Flavor Version Tinstall Tcheck Ttotal Status Flags
r-devel-linux-x86_64-debian-clang 0.2.2 3.25 42.05 45.30 OK
r-devel-linux-x86_64-debian-gcc 0.2.2 2.22 34.15 36.37 OK
r-devel-linux-x86_64-fedora-clang 0.2.2 57.14 NOTE
r-devel-linux-x86_64-fedora-gcc 0.2.2 57.29 NOTE
r-devel-windows-ix86+x86_64 0.2.2 14.00 70.00 84.00 OK
r-patched-linux-x86_64 0.2.2 2.29 40.57 42.86 OK
r-patched-solaris-x86 0.2.2 79.00 NOTE
r-release-linux-x86_64 0.2.2 2.84 41.08 43.92 OK
r-release-windows-ix86+x86_64 0.2.2 6.00 59.00 65.00 OK
r-release-osx-x86_64 0.2.1 NOTE
r-oldrel-windows-ix86+x86_64 0.1.0 3.00 48.00 51.00 OK
r-oldrel-osx-x86_64 0.2.1 ERROR

Check Details

Version: 0.2.2
Check: dependencies in R code
Result: NOTE
    Namespaces in Imports field not imported from:
     ‘curl’ ‘keyring’ ‘nlme’ ‘rgdal’
     All declared Imports should be used.
Flavors: r-devel-linux-x86_64-fedora-clang, r-devel-linux-x86_64-fedora-gcc, r-patched-solaris-x86

Version: 0.2.1
Check: dependencies in R code
Result: NOTE
    Namespaces in Imports field not imported from:
     ‘curl’ ‘keyring’ ‘nlme’ ‘rgdal’
     All declared Imports should be used.
Flavor: r-release-osx-x86_64

Version: 0.2.1
Check: whether package can be installed
Result: ERROR
    Installation failed.
Flavor: r-oldrel-osx-x86_64