Last updated on 2019-10-31 00:51:10 CET.
Flavor | Version | Tinstall | Tcheck | Ttotal | Status | Flags |
---|---|---|---|---|---|---|
r-devel-linux-x86_64-debian-clang | 1.0.0 | 36.88 | 81.30 | 118.18 | OK | |
r-devel-linux-x86_64-debian-gcc | 1.0.0 | 24.63 | 62.03 | 86.66 | OK | |
r-devel-linux-x86_64-fedora-clang | 1.0.0 | 161.05 | NOTE | |||
r-devel-linux-x86_64-fedora-gcc | 1.0.0 | 142.72 | NOTE | |||
r-devel-windows-ix86+x86_64 | 1.0.0 | 91.00 | 178.00 | 269.00 | OK | |
r-patched-linux-x86_64 | 1.0.0 | 27.42 | 76.63 | 104.05 | OK | |
r-patched-solaris-x86 | 1.0.0 | 178.20 | NOTE | |||
r-release-linux-x86_64 | 1.0.0 | 28.18 | 77.02 | 105.20 | OK | |
r-release-windows-ix86+x86_64 | 1.0.0 | 82.00 | 119.00 | 201.00 | OK | |
r-release-osx-x86_64 | 1.0.0 | NOTE | ||||
r-oldrel-windows-ix86+x86_64 | 1.0.0 | 60.00 | 164.00 | 224.00 | OK | |
r-oldrel-osx-x86_64 | 1.0.0 | NOTE |
Version: 1.0.0
Check: data for non-ASCII characters
Result: NOTE
Note: found 24 marked UTF-8 strings
Flavors: r-devel-linux-x86_64-fedora-clang, r-devel-linux-x86_64-fedora-gcc, r-patched-solaris-x86, r-release-osx-x86_64, r-oldrel-osx-x86_64