CRAN Package Check Results for Package topicmodels

Last updated on 2019-10-31 00:51:10 CET.

Flavor Version Tinstall Tcheck Ttotal Status Flags
r-devel-linux-x86_64-debian-clang 0.2-8 14.01 122.43 136.44 NOTE
r-devel-linux-x86_64-debian-gcc 0.2-8 9.41 91.96 101.37 NOTE
r-devel-linux-x86_64-fedora-clang 0.2-8 178.18 NOTE
r-devel-linux-x86_64-fedora-gcc 0.2-8 166.08 NOTE
r-devel-windows-ix86+x86_64 0.2-8 47.00 251.00 298.00 NOTE
r-patched-linux-x86_64 0.2-8 10.96 118.57 129.53 NOTE
r-patched-solaris-x86 0.2-8 333.80 NOTE
r-release-linux-x86_64 0.2-8 10.01 118.46 128.47 NOTE
r-release-windows-ix86+x86_64 0.2-8 51.00 186.00 237.00 NOTE
r-release-osx-x86_64 0.2-8 NOTE
r-oldrel-windows-ix86+x86_64 0.2-8 35.00 230.00 265.00 NOTE
r-oldrel-osx-x86_64 0.2-8 NOTE

Check Details

Version: 0.2-8
Check: package dependencies
Result: NOTE
    Package suggested but not available for checking: 'corpus.JSS.papers'
Flavors: r-devel-linux-x86_64-debian-clang, r-devel-linux-x86_64-debian-gcc, r-devel-linux-x86_64-fedora-clang, r-devel-linux-x86_64-fedora-gcc, r-devel-windows-ix86+x86_64, r-patched-linux-x86_64, r-patched-solaris-x86, r-release-linux-x86_64, r-release-windows-ix86+x86_64, r-release-osx-x86_64, r-oldrel-windows-ix86+x86_64, r-oldrel-osx-x86_64