Last updated on 2019-10-31 00:51:10 CET.
Flavor | Version | Tinstall | Tcheck | Ttotal | Status | Flags |
---|---|---|---|---|---|---|
r-devel-linux-x86_64-debian-clang | 0.1-4 | 10.13 | 174.77 | 184.90 | OK | |
r-devel-linux-x86_64-debian-gcc | 0.1-4 | 9.21 | 152.00 | 161.21 | OK | |
r-devel-linux-x86_64-fedora-clang | 0.1-4 | 233.97 | NOTE | |||
r-devel-linux-x86_64-fedora-gcc | 0.1-4 | 217.66 | NOTE | |||
r-devel-windows-ix86+x86_64 | 0.1-4 | 27.00 | 305.00 | 332.00 | NOTE | |
r-patched-linux-x86_64 | 0.1-4 | 10.22 | 192.85 | 203.07 | OK | |
r-patched-solaris-x86 | 0.1-4 | 386.00 | NOTE | |||
r-release-linux-x86_64 | 0.1-4 | 10.27 | 196.54 | 206.81 | OK | |
r-release-windows-ix86+x86_64 | 0.1-4 | 23.00 | 227.00 | 250.00 | NOTE | |
r-release-osx-x86_64 | 0.1-4 | NOTE | ||||
r-oldrel-windows-ix86+x86_64 | 0.1-4 | 13.00 | 309.00 | 322.00 | NOTE | |
r-oldrel-osx-x86_64 | 0.1-4 | NOTE |
Version: 0.1-4
Check: installed package size
Result: NOTE
installed size is 5.6Mb
sub-directories of 1Mb or more:
data 4.7Mb
Flavors: r-devel-linux-x86_64-fedora-clang, r-devel-windows-ix86+x86_64, r-patched-solaris-x86, r-release-windows-ix86+x86_64, r-release-osx-x86_64, r-oldrel-windows-ix86+x86_64, r-oldrel-osx-x86_64
Version: 0.1-4
Check: data for non-ASCII characters
Result: NOTE
Note: found 1946 marked UTF-8 strings
Flavors: r-devel-linux-x86_64-fedora-clang, r-devel-linux-x86_64-fedora-gcc, r-patched-solaris-x86, r-release-osx-x86_64, r-oldrel-osx-x86_64