Last updated on 2019-10-31 00:51:10 CET.
Flavor | Version | Tinstall | Tcheck | Ttotal | Status | Flags |
---|---|---|---|---|---|---|
r-devel-linux-x86_64-debian-clang | 0.1.2 | 721.22 | 393.75 | 1114.97 | NOTE | |
r-devel-linux-x86_64-debian-gcc | 0.1.2 | 736.62 | 302.86 | 1039.48 | NOTE | |
r-devel-linux-x86_64-fedora-clang | 0.1.2 | 1646.59 | NOTE | |||
r-devel-linux-x86_64-fedora-gcc | 0.1.2 | 1806.32 | NOTE | |||
r-devel-windows-ix86+x86_64 | 0.1.2 | 1688.00 | 771.00 | 2459.00 | NOTE | |
r-patched-linux-x86_64 | 0.1.2 | 736.11 | 393.88 | 1129.99 | NOTE | |
r-patched-solaris-x86 | 0.1.2 | 1464.50 | NOTE | |||
r-release-linux-x86_64 | 0.1.2 | 714.17 | 395.47 | 1109.64 | NOTE | |
r-release-windows-ix86+x86_64 | 0.1.2 | 1709.00 | 551.00 | 2260.00 | NOTE | |
r-release-osx-x86_64 | 0.1.2 | NOTE | ||||
r-oldrel-windows-ix86+x86_64 | 0.1.2 | 1515.00 | 745.00 | 2260.00 | NOTE | |
r-oldrel-osx-x86_64 | 0.1.2 | NOTE |
Version: 0.1.2
Check: for GNU extensions in Makefiles
Result: NOTE
GNU make is a SystemRequirements.
Flavors: r-devel-linux-x86_64-debian-clang, r-devel-linux-x86_64-debian-gcc, r-devel-linux-x86_64-fedora-clang, r-devel-linux-x86_64-fedora-gcc, r-devel-windows-ix86+x86_64, r-patched-linux-x86_64, r-patched-solaris-x86, r-release-linux-x86_64, r-release-windows-ix86+x86_64, r-release-osx-x86_64, r-oldrel-windows-ix86+x86_64, r-oldrel-osx-x86_64
Version: 0.1.2
Check: installed package size
Result: NOTE
installed size is 116.3Mb
sub-directories of 1Mb or more:
doc 4.1Mb
libs 111.3Mb
Flavors: r-devel-linux-x86_64-fedora-clang, r-devel-windows-ix86+x86_64, r-patched-solaris-x86, r-release-windows-ix86+x86_64, r-release-osx-x86_64, r-oldrel-windows-ix86+x86_64, r-oldrel-osx-x86_64
Version: 0.1.2
Check: dependencies in R code
Result: NOTE
Namespace in Imports field not imported from: ‘tidyr’
All declared Imports should be used.
Flavors: r-devel-linux-x86_64-fedora-clang, r-devel-linux-x86_64-fedora-gcc, r-patched-solaris-x86, r-release-osx-x86_64, r-oldrel-osx-x86_64