Last updated on 2019-10-31 00:51:10 CET.
Flavor | Version | Tinstall | Tcheck | Ttotal | Status | Flags |
---|---|---|---|---|---|---|
r-devel-linux-x86_64-debian-clang | 0.1.0 | 6.80 | 49.44 | 56.24 | OK | |
r-devel-linux-x86_64-debian-gcc | 0.1.0 | 5.36 | 38.03 | 43.39 | OK | |
r-devel-linux-x86_64-fedora-clang | 0.1.0 | 72.99 | OK | |||
r-devel-linux-x86_64-fedora-gcc | 0.1.0 | 64.71 | OK | |||
r-devel-windows-ix86+x86_64 | 0.1.0 | 29.00 | 98.00 | 127.00 | OK | |
r-patched-linux-x86_64 | 0.1.0 | 6.45 | 46.27 | 52.72 | OK | |
r-patched-solaris-x86 | 0.1.0 | 100.90 | OK | |||
r-release-linux-x86_64 | 0.1.0 | 5.96 | 46.55 | 52.51 | OK | |
r-release-windows-ix86+x86_64 | 0.1.0 | 24.00 | 63.00 | 87.00 | OK | |
r-release-osx-x86_64 | 0.1.0 | OK | ||||
r-oldrel-windows-ix86+x86_64 | 0.1.0 | 11.00 | 103.00 | 114.00 | OK | |
r-oldrel-osx-x86_64 | 0.1.0 | ERROR |
Version: 0.1.0
Check: package dependencies
Result: ERROR
Package required and available but unsuitable version: ‘plotly’
See section ‘The DESCRIPTION file’ in the ‘Writing R Extensions’
manual.
Flavor: r-oldrel-osx-x86_64