Last updated on 2019-10-31 00:51:10 CET.
Flavor | Version | Tinstall | Tcheck | Ttotal | Status | Flags |
---|---|---|---|---|---|---|
r-devel-linux-x86_64-debian-clang | 0.1.5 | 8.82 | 113.98 | 122.80 | OK | |
r-devel-linux-x86_64-debian-gcc | 0.1.5 | 7.53 | 85.90 | 93.43 | OK | |
r-devel-linux-x86_64-fedora-clang | 0.1.5 | 160.79 | OK | |||
r-devel-linux-x86_64-fedora-gcc | 0.1.5 | 151.99 | OK | |||
r-devel-windows-ix86+x86_64 | 0.1.5 | 31.00 | 192.00 | 223.00 | OK | |
r-patched-linux-x86_64 | 0.1.5 | 7.28 | 109.07 | 116.35 | OK | |
r-patched-solaris-x86 | 0.1.5 | 181.70 | NOTE | |||
r-release-linux-x86_64 | 0.1.5 | 9.54 | 109.00 | 118.54 | OK | |
r-release-windows-ix86+x86_64 | 0.1.5 | 27.00 | 130.00 | 157.00 | OK | |
r-release-osx-x86_64 | 0.1.5 | OK | ||||
r-oldrel-windows-ix86+x86_64 | 0.1.5 | 14.00 | 165.00 | 179.00 | OK | |
r-oldrel-osx-x86_64 | 0.1.5 | OK |
Version: 0.1.5
Check: package dependencies
Result: NOTE
Packages suggested but not available for checking: 'FSelector', 'RWeka'
Flavor: r-patched-solaris-x86
Version: 0.1.5
Check: Rd cross-references
Result: NOTE
Package unavailable to check Rd xrefs: ‘FSelector’
Flavor: r-patched-solaris-x86