Last updated on 2019-10-31 00:51:10 CET.
Flavor | Version | Tinstall | Tcheck | Ttotal | Status | Flags |
---|---|---|---|---|---|---|
r-devel-linux-x86_64-debian-clang | 0.1.4 | 76.56 | 121.72 | 198.28 | NOTE | |
r-devel-linux-x86_64-debian-gcc | 0.1.4 | 56.15 | 101.70 | 157.85 | NOTE | |
r-devel-linux-x86_64-fedora-clang | 0.1.4 | 297.62 | NOTE | |||
r-devel-linux-x86_64-fedora-gcc | 0.1.4 | 269.63 | NOTE | |||
r-devel-windows-ix86+x86_64 | 0.1.4 | 211.00 | 263.00 | 474.00 | NOTE | |
r-patched-linux-x86_64 | 0.1.4 | 59.07 | 115.33 | 174.40 | NOTE | |
r-patched-solaris-x86 | 0.1.4 | 298.90 | NOTE | |||
r-release-linux-x86_64 | 0.1.4 | 62.48 | 117.64 | 180.12 | NOTE | |
r-release-windows-ix86+x86_64 | 0.1.4 | 199.00 | 198.00 | 397.00 | NOTE | |
r-release-osx-x86_64 | 0.1.4 | NOTE | ||||
r-oldrel-windows-ix86+x86_64 | 0.1.4 | 136.00 | 268.00 | 404.00 | NOTE | |
r-oldrel-osx-x86_64 | 0.1.4 | NOTE |
Version: 0.1.4
Check: for GNU extensions in Makefiles
Result: NOTE
GNU make is a SystemRequirements.
Flavors: r-devel-linux-x86_64-debian-clang, r-devel-linux-x86_64-debian-gcc, r-devel-linux-x86_64-fedora-clang, r-devel-linux-x86_64-fedora-gcc, r-devel-windows-ix86+x86_64, r-patched-linux-x86_64, r-patched-solaris-x86, r-release-linux-x86_64, r-release-windows-ix86+x86_64, r-release-osx-x86_64, r-oldrel-windows-ix86+x86_64, r-oldrel-osx-x86_64