Last updated on 2019-10-31 00:51:11 CET.
Flavor | Version | Tinstall | Tcheck | Ttotal | Status | Flags |
---|---|---|---|---|---|---|
r-devel-linux-x86_64-debian-clang | 2.2.0 | 47.38 | 203.65 | 251.03 | OK | |
r-devel-linux-x86_64-debian-gcc | 2.2.0 | 33.90 | 155.47 | 189.37 | OK | |
r-devel-linux-x86_64-fedora-clang | 2.2.0 | 380.51 | OK | |||
r-devel-linux-x86_64-fedora-gcc | 2.2.0 | 313.19 | OK | |||
r-devel-windows-ix86+x86_64 | 2.2.0 | 115.00 | 7.00 | 122.00 | ERROR | |
r-patched-linux-x86_64 | 2.2.0 | 52.38 | 204.01 | 256.39 | OK | |
r-patched-solaris-x86 | 2.2.0 | 420.30 | OK | |||
r-release-linux-x86_64 | 2.2.0 | 48.23 | 207.98 | 256.21 | OK | |
r-release-windows-ix86+x86_64 | 2.2.0 | 80.00 | 191.00 | 271.00 | OK | |
r-release-osx-x86_64 | 2.2.0 | OK | ||||
r-oldrel-windows-ix86+x86_64 | 2.2.0 | 61.00 | 309.00 | 370.00 | OK | |
r-oldrel-osx-x86_64 | 2.2.0 | OK |
Version: 2.2.0
Check: whether package can be installed
Result: ERROR
Installation failed.
Flavor: r-devel-windows-ix86+x86_64