Last updated on 2019-10-31 00:51:11 CET.
Flavor | Version | Tinstall | Tcheck | Ttotal | Status | Flags |
---|---|---|---|---|---|---|
r-devel-linux-x86_64-debian-clang | 2.0.5 | 5.18 | 72.47 | 77.65 | OK | |
r-devel-linux-x86_64-debian-gcc | 2.0.5 | 4.01 | 52.47 | 56.48 | OK | |
r-devel-linux-x86_64-fedora-clang | 2.0.5 | 99.12 | NOTE | |||
r-devel-linux-x86_64-fedora-gcc | 2.0.5 | 94.46 | NOTE | |||
r-devel-windows-ix86+x86_64 | 2.0.5 | 20.00 | 109.00 | 129.00 | OK | |
r-patched-linux-x86_64 | 2.0.5 | 4.61 | 65.55 | 70.16 | OK | |
r-patched-solaris-x86 | 2.0.5 | 124.50 | NOTE | |||
r-release-linux-x86_64 | 2.0.5 | 4.76 | 68.43 | 73.19 | OK | |
r-release-windows-ix86+x86_64 | 2.0.5 | 15.00 | 82.00 | 97.00 | OK | |
r-release-osx-x86_64 | 2.0.5 | NOTE | ||||
r-oldrel-windows-ix86+x86_64 | 2.0.5 | 6.00 | 125.00 | 131.00 | OK | |
r-oldrel-osx-x86_64 | 2.0.5 | NOTE |
Version: 2.0.5
Check: dependencies in R code
Result: NOTE
Namespaces in Imports field not imported from:
‘iterators’ ‘knitr’ ‘purrr’ ‘testthat’
All declared Imports should be used.
Flavors: r-devel-linux-x86_64-fedora-clang, r-devel-linux-x86_64-fedora-gcc, r-patched-solaris-x86, r-release-osx-x86_64, r-oldrel-osx-x86_64