Last updated on 2019-10-31 00:51:11 CET.
Flavor | Version | Tinstall | Tcheck | Ttotal | Status | Flags |
---|---|---|---|---|---|---|
r-devel-linux-x86_64-debian-clang | 1.0.3 | 14.05 | 24.87 | 38.92 | OK | |
r-devel-linux-x86_64-debian-gcc | 1.0.3 | 10.90 | 19.68 | 30.58 | OK | |
r-devel-linux-x86_64-fedora-clang | 1.0.3 | 57.35 | NOTE | |||
r-devel-linux-x86_64-fedora-gcc | 1.0.3 | 50.55 | NOTE | |||
r-devel-windows-ix86+x86_64 | 1.0.3 | 28.00 | 50.00 | 78.00 | OK | |
r-patched-linux-x86_64 | 1.0.3 | 12.30 | 24.04 | 36.34 | OK | |
r-patched-solaris-x86 | 1.0.3 | 66.40 | NOTE | |||
r-release-linux-x86_64 | 1.0.3 | 12.63 | 23.71 | 36.34 | OK | |
r-release-windows-ix86+x86_64 | 1.0.3 | 26.00 | 36.00 | 62.00 | OK | |
r-release-osx-x86_64 | 1.0.3 | NOTE | ||||
r-oldrel-windows-ix86+x86_64 | 1.0.3 | 17.00 | 57.00 | 74.00 | OK | |
r-oldrel-osx-x86_64 | 1.0.3 | NOTE |
Version: 1.0.3
Check: dependencies in R code
Result: NOTE
Namespaces in Imports field not imported from:
‘R6’ ‘WRS2’ ‘ggplot2’
All declared Imports should be used.
Flavors: r-devel-linux-x86_64-fedora-clang, r-devel-linux-x86_64-fedora-gcc, r-patched-solaris-x86, r-release-osx-x86_64, r-oldrel-osx-x86_64