CRAN Package Check Results for Package waveslim

Last updated on 2019-10-31 00:51:11 CET.

Flavor Version Tinstall Tcheck Ttotal Status Flags
r-devel-linux-x86_64-debian-clang 1.7.5.1 11.07 59.43 70.50 OK
r-devel-linux-x86_64-debian-gcc 1.7.5.1 8.55 47.02 55.57 OK
r-devel-linux-x86_64-fedora-clang 1.7.5.1 93.18 NOTE
r-devel-linux-x86_64-fedora-gcc 1.7.5.1 84.09 NOTE
r-devel-windows-ix86+x86_64 1.7.5.1 30.00 131.00 161.00 OK
r-patched-linux-x86_64 1.7.5.1 8.77 57.68 66.45 OK
r-patched-solaris-x86 1.7.5.1 111.80 OK
r-release-linux-x86_64 1.7.5.1 8.91 58.66 67.57 OK
r-release-windows-ix86+x86_64 1.7.5.1 25.00 131.00 156.00 OK
r-release-osx-x86_64 1.7.5.1 OK
r-oldrel-windows-ix86+x86_64 1.7.5.1 18.00 87.00 105.00 OK
r-oldrel-osx-x86_64 1.7.5.1 OK

Check Details

Version: 1.7.5.1
Check: compiled code
Result: NOTE
    File ‘waveslim/libs/waveslim.so’:
     Found no calls to: ‘R_registerRoutines’, ‘R_useDynamicSymbols’
    
    It is good practice to register native routines and to disable symbol
    search.
    
    See ‘Writing portable packages’ in the ‘Writing R Extensions’ manual.
Flavors: r-devel-linux-x86_64-fedora-clang, r-devel-linux-x86_64-fedora-gcc