Last updated on 2019-10-31 00:51:11 CET.
Flavor | Version | Tinstall | Tcheck | Ttotal | Status | Flags |
---|---|---|---|---|---|---|
r-devel-linux-x86_64-debian-clang | 0.1-14 | 3.60 | 36.24 | 39.84 | OK | |
r-devel-linux-x86_64-debian-gcc | 0.1-14 | 2.67 | 28.65 | 31.32 | OK | |
r-devel-linux-x86_64-fedora-clang | 0.1-14 | 55.89 | NOTE | |||
r-devel-linux-x86_64-fedora-gcc | 0.1-14 | 52.62 | NOTE | |||
r-devel-windows-ix86+x86_64 | 0.1-14 | 6.00 | 7.00 | 13.00 | ERROR | |
r-patched-linux-x86_64 | 0.1-14 | 2.95 | 35.58 | 38.53 | OK | |
r-patched-solaris-x86 | 0.1-14 | 66.80 | OK | |||
r-release-linux-x86_64 | 0.1-14 | 2.63 | 35.34 | 37.97 | OK | |
r-release-windows-ix86+x86_64 | 0.1-14 | 8.00 | 72.00 | 80.00 | OK | |
r-release-osx-x86_64 | 0.1-14 | NOTE | ||||
r-oldrel-windows-ix86+x86_64 | 0.1-14 | 8.00 | 48.00 | 56.00 | OK | |
r-oldrel-osx-x86_64 | 0.1-14 | NOTE |
Version: 0.1-14
Check: top-level files
Result: NOTE
possible bashism in configure line 49 (test -a/-o):
if test ${java_version_maj} -ge 5 || \
test ${java_version_maj} -eq 1 -a ${java_version_min} -ge 5;
Flavors: r-devel-linux-x86_64-fedora-clang, r-devel-linux-x86_64-fedora-gcc
Version: 0.1-14
Check: whether package can be installed
Result: ERROR
Installation failed.
Flavor: r-devel-windows-ix86+x86_64
Version: 0.1-14
Check: whether the namespace can be loaded with stated dependencies
Result: NOTE
Warning in initDict() :
cannot find WordNet 'dict' directory: please set the environment variable WNHOME to its parent
A namespace must be able to be loaded with just the base namespace
loaded: otherwise if the namespace gets loaded by a saved object, the
session will be unable to start.
Probably some imports need to be declared in the NAMESPACE file.
Flavors: r-release-osx-x86_64, r-oldrel-osx-x86_64