CRAN Package Check Results for Package wyz.code.rdoc

Last updated on 2019-10-31 00:51:11 CET.

Flavor Version Tinstall Tcheck Ttotal Status Flags
r-devel-linux-x86_64-debian-clang 1.1.7 6.18 66.67 72.85 OK
r-devel-linux-x86_64-debian-gcc 1.1.7 4.08 53.32 57.40 OK
r-devel-linux-x86_64-fedora-clang 1.1.7 85.80 NOTE
r-devel-linux-x86_64-fedora-gcc 1.1.7 82.82 NOTE
r-devel-windows-ix86+x86_64 1.1.7 17.00 101.00 118.00 OK
r-patched-linux-x86_64 1.1.7 4.69 63.86 68.55 OK
r-patched-solaris-x86 1.1.7 99.90 NOTE
r-release-linux-x86_64 1.1.7 4.64 61.84 66.48 OK
r-release-windows-ix86+x86_64 1.1.7 15.00 65.00 80.00 OK
r-release-osx-x86_64 1.1.7 NOTE
r-oldrel-windows-ix86+x86_64 1.1.7 7.00 87.00 94.00 OK
r-oldrel-osx-x86_64 1.1.7 NOTE

Check Details

Version: 1.1.7
Check: dependencies in R code
Result: NOTE
    Namespace in Imports field not imported from: ‘lubridate’
     All declared Imports should be used.
Flavors: r-devel-linux-x86_64-fedora-clang, r-devel-linux-x86_64-fedora-gcc, r-patched-solaris-x86, r-release-osx-x86_64, r-oldrel-osx-x86_64