Last updated on 2019-10-31 00:51:11 CET.
Flavor | Version | Tinstall | Tcheck | Ttotal | Status | Flags |
---|---|---|---|---|---|---|
r-devel-linux-x86_64-debian-clang | 0.6-66 | 8.75 | 75.81 | 84.56 | OK | |
r-devel-linux-x86_64-debian-gcc | 0.6-66 | 7.25 | 59.24 | 66.49 | OK | |
r-devel-linux-x86_64-fedora-clang | 0.6-66 | 120.55 | NOTE | |||
r-devel-linux-x86_64-fedora-gcc | 0.6-66 | 105.55 | NOTE | |||
r-devel-windows-ix86+x86_64 | 0.6-66 | 20.00 | 122.00 | 142.00 | OK | |
r-patched-linux-x86_64 | 0.6-66 | 7.96 | 74.55 | 82.51 | OK | |
r-patched-solaris-x86 | 0.6-66 | 143.80 | NOTE | |||
r-release-linux-x86_64 | 0.6-66 | 7.69 | 74.16 | 81.85 | OK | |
r-release-windows-ix86+x86_64 | 0.6-66 | 13.00 | 87.00 | 100.00 | OK | |
r-release-osx-x86_64 | 0.6-66 | NOTE | ||||
r-oldrel-windows-ix86+x86_64 | 0.6-66 | 10.00 | 86.00 | 96.00 | OK | |
r-oldrel-osx-x86_64 | 0.6-66 | NOTE |
Version: 0.6-66
Check: data for non-ASCII characters
Result: NOTE
Note: found 146804 marked UTF-8 strings
Flavors: r-devel-linux-x86_64-fedora-clang, r-devel-linux-x86_64-fedora-gcc, r-patched-solaris-x86, r-release-osx-x86_64, r-oldrel-osx-x86_64