CRAN Package Check Results for Package zipfextR

Last updated on 2019-10-31 00:51:11 CET.

Flavor Version Tinstall Tcheck Ttotal Status Flags
r-devel-linux-x86_64-debian-clang 1.0.1 8.04 74.37 82.41 OK
r-devel-linux-x86_64-debian-gcc 1.0.1 7.76 59.04 66.80 OK
r-devel-linux-x86_64-fedora-clang 1.0.1 121.89 OK
r-devel-linux-x86_64-fedora-gcc 1.0.1 99.70 OK
r-devel-windows-ix86+x86_64 1.0.1 30.00 131.00 161.00 OK
r-patched-linux-x86_64 1.0.1 10.11 72.96 83.07 OK
r-patched-solaris-x86 1.0.1 161.40 OK
r-release-linux-x86_64 1.0.1 8.93 70.74 79.67 OK
r-release-windows-ix86+x86_64 1.0.1 23.00 87.00 110.00 OK
r-release-osx-x86_64 1.0.1 NOTE
r-oldrel-windows-ix86+x86_64 1.0.1 15.00 121.00 136.00 OK
r-oldrel-osx-x86_64 1.0.1 NOTE

Check Details

Version: 1.0.1
Check: dependencies in R code
Result: NOTE
    No protocol specified
Flavors: r-release-osx-x86_64, r-oldrel-osx-x86_64