CRAN Package Check Results for Package AGHmatrix

Last updated on 2019-11-26 00:51:43 CET.

Flavor Version Tinstall Tcheck Ttotal Status Flags
r-devel-linux-x86_64-debian-clang 1.0.2 7.63 76.50 84.13 OK
r-devel-linux-x86_64-debian-gcc 1.0.2 6.43 59.87 66.30 OK
r-devel-linux-x86_64-fedora-clang 1.0.2 111.25 OK
r-devel-linux-x86_64-fedora-gcc 1.0.2 101.82 OK
r-devel-windows-ix86+x86_64 1.0.2 21.00 142.00 163.00 OK
r-devel-windows-ix86+x86_64-gcc8 1.0.2 22.00 96.00 118.00 OK
r-patched-linux-x86_64 1.0.2 7.52 73.40 80.92 OK
r-patched-solaris-x86 1.0.2 122.20 OK
r-release-linux-x86_64 1.0.2 7.63 73.66 81.29 OK
r-release-windows-ix86+x86_64 1.0.2 18.00 126.00 144.00 OK
r-release-osx-x86_64 1.0.2 OK
r-oldrel-windows-ix86+x86_64 0.0.5 10.00 105.00 115.00 OK
r-oldrel-osx-x86_64 1.0.2 ERROR

Check Details

Version: 1.0.2
Check: whether package can be installed
Result: ERROR
    Installation failed.
Flavor: r-oldrel-osx-x86_64