Last updated on 2019-11-26 00:51:43 CET.
Flavor | Version | Tinstall | Tcheck | Ttotal | Status | Flags |
---|---|---|---|---|---|---|
r-devel-linux-x86_64-debian-clang | 0.1.0 | 2.11 | 16.77 | 18.88 | OK | |
r-devel-linux-x86_64-debian-gcc | 0.1.0 | 1.83 | 13.73 | 15.56 | OK | |
r-devel-linux-x86_64-fedora-clang | 0.1.0 | 25.69 | NOTE | |||
r-devel-linux-x86_64-fedora-gcc | 0.1.0 | 23.21 | NOTE | |||
r-devel-windows-ix86+x86_64 | 0.1.0 | 17.00 | 61.00 | 78.00 | OK | |
r-devel-windows-ix86+x86_64-gcc8 | 0.1.0 | 8.00 | 29.00 | 37.00 | OK | |
r-patched-linux-x86_64 | 0.1.0 | 1.78 | 16.72 | 18.50 | OK | |
r-patched-solaris-x86 | 0.1.0 | 36.40 | NOTE | |||
r-release-linux-x86_64 | 0.1.0 | 1.73 | 16.65 | 18.38 | OK | |
r-release-windows-ix86+x86_64 | 0.1.0 | 9.00 | 42.00 | 51.00 | OK | |
r-release-osx-x86_64 | 0.1.0 | NOTE | ||||
r-oldrel-windows-ix86+x86_64 | 0.1.0 | 3.00 | 48.00 | 51.00 | OK | |
r-oldrel-osx-x86_64 | 0.1.0 | NOTE |
Version: 0.1.0
Check: dependencies in R code
Result: NOTE
Namespaces in Imports field not imported from:
‘car’ ‘datasets’ ‘dplyr’ ‘ggplot2’ ‘plotly’ ‘shiny’
All declared Imports should be used.
Flavors: r-devel-linux-x86_64-fedora-clang, r-devel-linux-x86_64-fedora-gcc, r-patched-solaris-x86, r-release-osx-x86_64, r-oldrel-osx-x86_64