Last updated on 2019-11-26 00:51:44 CET.
Flavor | Version | Tinstall | Tcheck | Ttotal | Status | Flags |
---|---|---|---|---|---|---|
r-devel-linux-x86_64-debian-clang | 1.0 | 10.63 | 69.83 | 80.46 | OK | |
r-devel-linux-x86_64-debian-gcc | 1.0 | 8.83 | 54.28 | 63.11 | OK | |
r-devel-linux-x86_64-fedora-clang | 1.0 | 102.47 | NOTE | |||
r-devel-linux-x86_64-fedora-gcc | 1.0 | 97.71 | NOTE | |||
r-devel-windows-ix86+x86_64 | 1.0 | 24.00 | 92.00 | 116.00 | OK | |
r-devel-windows-ix86+x86_64-gcc8 | 1.0 | 17.00 | 69.00 | 86.00 | OK | |
r-patched-linux-x86_64 | 1.0 | 10.92 | 68.67 | 79.59 | OK | |
r-patched-solaris-x86 | 1.0 | 146.50 | NOTE | |||
r-release-linux-x86_64 | 1.0 | 11.44 | 68.41 | 79.85 | OK | |
r-release-windows-ix86+x86_64 | 1.0 | 19.00 | 99.00 | 118.00 | OK | |
r-release-osx-x86_64 | 1.0 | NOTE | ||||
r-oldrel-windows-ix86+x86_64 | 1.0 | 9.00 | 65.00 | 74.00 | OK | |
r-oldrel-osx-x86_64 | 1.0 | NOTE |
Version: 1.0
Check: dependencies in R code
Result: NOTE
Namespaces in Imports field not imported from:
‘Matrix’ ‘gmm’ ‘graphics’ ‘sandwich’ ‘stats4’ ‘utils’
All declared Imports should be used.
Flavors: r-devel-linux-x86_64-fedora-clang, r-devel-linux-x86_64-fedora-gcc, r-patched-solaris-x86, r-release-osx-x86_64, r-oldrel-osx-x86_64