CRAN Package Check Results for Package BAMBI

Last updated on 2019-11-26 00:51:44 CET.

Flavor Version Tinstall Tcheck Ttotal Status Flags
r-devel-linux-x86_64-debian-clang 2.1.0 104.74 118.18 222.92 OK
r-devel-linux-x86_64-debian-gcc 2.1.0 80.25 90.22 170.47 OK
r-devel-linux-x86_64-fedora-clang 2.1.0 292.13 OK
r-devel-linux-x86_64-fedora-gcc 2.1.0 296.28 OK
r-devel-windows-ix86+x86_64 2.1.0 270.00 230.00 500.00 OK
r-devel-windows-ix86+x86_64-gcc8 2.1.0 224.00 168.00 392.00 OK
r-patched-linux-x86_64 2.1.0 89.88 113.22 203.10 OK
r-patched-solaris-x86 2.1.0 322.00 OK
r-release-linux-x86_64 2.1.0 89.92 113.79 203.71 OK
r-release-windows-ix86+x86_64 2.1.0 253.00 235.00 488.00 OK
r-release-osx-x86_64 2.1.0 FAIL
r-oldrel-windows-ix86+x86_64 2.1.0 192.00 156.00 348.00 OK
r-oldrel-osx-x86_64 2.1.0 OK

Check Details

Version: 2.1.0
Check: dependencies in R code
Result: FAIL
    
Flavor: r-release-osx-x86_64